 -19?
5
Let m be (8/(-56))/1 - 23298/(-14). Suppose o = -25*o + m. Calculate the remainder when o is divided by 33.
31
Let y(v) be the third derivative of 0 + 0*v - 13/6*v**3 - 15*v**2 + 1/6*v**4. Calculate the remainder when 94 is divided by y(8).
18
Let l be 5/(-5 + 15/2). Suppose -21 = -l*q - 11. Let a(x) = x**3 + 7*x**2 + 5*x - 2. Calculate the remainder when a(-5) is divided by q.
3
Suppose -3630 = 128859*n - 128874*n. Suppose -r - 3*r + 244 = 0. Calculate the remainder when n is divided by r.
59
Let m(w) = w - 10. Let o be m(12). Let x be 6/(36/(-669)) - (-1)/o. What is the remainder when x/(-5) + 3 + (-7)/35 is divided by 6?
1
Let p(n) = 67*n + 520. What is the remainder when p(9) is divided by 277?
15
Let a = 239 - 83. Suppose 0 = -2*v - 2*s + a + 730, -v + 427 = 5*s. Calculate the remainder when v is divided by 30.
27
Suppose -31*q + 36*q = 5*b - 5895, 5*q + 1179 = b. Calculate the remainder when b is divided by 16.
11
Let k = -5247 + 5357. Let o(b) = -b + 5. Let l be o(6). Calculate the remainder when k is divided by -2 + 2 + l - -15.
12
Let d(p) = -9*p + 36. Let g be d(11). Let f = 35 - g. Let h = f - 60. What is the remainder when h is divided by 5?
3
Let w = 136 - 99. Suppose 5*q - w = -282. Calculate the remainder when (q/2)/(31/(-62)) is divided by 10.
9
Calculate the remainder when 1074 is divided by (31 - 19)/((-30)/(-130)).
34
Let c = -120 - -212. What is the remainder when c is divided by 11?
4
Let q(x) = -2*x - 55. Let p(t) = -2. Let r(m) = 6*p(m) - q(m). Calculate the remainder when 117 is divided by r(-14).
12
Suppose -5*s = 2*u - 528, 0 = 4*u - 3*s - 982 - 126. Calculate the remainder when u is divided by 80.
34
Let n be (-1 + (-2607)/9)*9/(-6). Let j be 2/((-32)/n)*-4 - 3. Let l = j - 85. Calculate the remainder when l is divided by 11.
10
Suppose 4*c - 146 = u, c - 90*u + 95*u = 5. Calculate the remainder when 2/(-5) - (-3051)/15 is divided by c.
28
Suppose -3*n - 1935 = 6*n. Let d = 102 - n. Suppose 0 = 3*y - d + 98. Calculate the remainder when y is divided by 19.
16
Let y = -243 + 265. Suppose -i + 5 + 1 = 0. Calculate the remainder when y is divided by i.
4
Suppose -127 + 135 = 4*r. Suppose -3*l + y = 6*y - 73, 0 = -r*y + 10. Let m(g) = 2*g - 6. Calculate the remainder when l is divided by m(6).
4
Calculate the remainder when (-968)/(-4) + 0*4/(-12) is divided by 168.
74
Let s(u) = -2*u**2 + 29*u + 95. Let h be s(17). Suppose -332 + 2 = -h*a. Calculate the remainder when 179 is divided by a.
14
What is the remainder when 557 is divided by (-23)/(-69) + (-3288)/(-18)?
8
Suppose 2*a = 3*k + 145, 11*a + 2*k = 6*a + 334. What is the remainder when 448 is divided by a?
40
Let i(o) = 84*o - 1888. What is the remainder when i(24) is divided by 29?
12
Let o = -3065 - -5601. Calculate the remainder when o is divided by 59.
58
Let d = -448 + 965. Let x = -294 + d. What is the remainder when x is divided by 14?
13
Calculate the remainder when (-926)/(-10)*(-6420)/(-214) is divided by 20.
18
Let l = -27 + 47. Let f(h) = 268*h - 1606. Let m be f(6). What is the remainder when 28 is divided by (m - 0)/(-3 + l/6)?
4
Let j = 223 + -219. Suppose -j*o = r - 121, 4*r - 48 = -2*o + 30. Calculate the remainder when 344 is divided by o.
25
Suppose 0 = 4*r + 2*x - 16, r - 9*x = -10*x + 3. Suppose 60 - 955 = -5*q - r*p, -20 = 5*p. Calculate the remainder when q is divided by 8.
7
Let p = -22 + 38. Let a be ((-10)/5 - p/(-10))*5. Let l = 14 + a. What is the remainder when l is divided by 8?
4
Let y(h) be the third derivative of h**5/60 + h**4/8 + 17*h**3/6 + 48*h**2. Calculate the remainder when 148 is divided by y(0).
12
Suppose -5*n = 3*t - 218, -5*t - 115 = -2*n - 3. Suppose -a - 2*r + 133 = 0, -26*r + 27*r - 11 = 0. What is the remainder when a is divided by n?
19
Suppose 3*h - 527 = -5*n, -4*h + 412 = 4*n - 0*n. What is the remainder when 760 is divided by n?
106
Let u(r) = -218*r + 890. Suppose 8 + 0 = 4*x. Suppose b + 67 = x*b. Calculate the remainder when b is divided by u(4).
13
Let w be (-2)/(2 + (-36)/15). Suppose w*a + 153 = 14*a. Suppose a*f + 20 = 18*f. Calculate the remainder when f is divided by 12.
8
Suppose 0 = -3*h + 2*v + 633, 2*h - 221 = h - v. What is the remainder when h is divided by 96?
23
Suppose -u = 4*j - 3*u - 204, 2*u = -3*j + 160. Calculate the remainder when j is divided by (-10)/((528/(-77))/24).
17
Suppose -478 = -v - 4*v + 47. Calculate the remainder when 491 is divided by v.
71
Let o(v) = -v**2 - 5*v + 3. Let i be o(-5). Suppose 5*l - 135 = -3*a, -132 = -5*l + 2*a + 3. What is the remainder when 95 is divided by (-8)/i + (-1)/3 + l?
23
Let u = 16 + -8. Let q(o) = -o**3 + 13*o**2 + 2*o + 12. Let z be q(13). Suppose -a = 1 - z. What is the remainder when a is divided by u?
5
Let z(n) = -n**3 - 27*n**2 - 50*n + 3. Let x(o) = -4*o - 22 + 34*o**2 + 23 + 0*o + 5*o. What is the remainder when x(-1) is divided by z(-25)?
1
Let w be (-45)/(-12) + (4 - (-19)/(-4)). Suppose -8*a - w = -9*a, 0 = o + a - 344. What is the remainder when o is divided by 117?
107
What is the remainder when 6336 is divided by (-7*28/980)/(1/(-235))?
38
Suppose 0 = -2*b + 4*g + 3436, -5*b - 370*g + 8681 = -367*g. Calculate the remainder when b is divided by 343.
17
Let p = -104 - -53. Calculate the remainder when 10/6 + -2 + (-527)/p is divided by 6.
4
Suppose -9*k + 11*k - 6288 = -22*k. What is the remainder when k is divided by 126?
10
Let s(v) = 2*v**3 - 13*v**2 - 9*v + 18. Let f be s(7). Suppose 27*t - f*t = 552. Let a = -9 + 23. Calculate the remainder when t is divided by a.
10
Suppose -132 = 52*l - 1281 - 1191. Let t(z) be the first derivative of z**4/4 - z**3 - 7*z**2/2 + z - 1. Calculate the remainder when l is divided by t(5).
13
Let f = -78733 + 78744. Let t = 271 + -125. What is the remainder when t is divided by f?
3
Suppose q + 55 = 600. What is the remainder when q is divided by 262?
21
Let u(p) = -5*p - 12. Let q be u(-3). Suppose -v + z + 19 = 0, q*v = 2*z - 2 + 54. Suppose v*j - 38 = 13*j. What is the remainder when j is divided by 13?
12
Let z(h) = -3*h**3 - 76*h**2 - 23*h + 101. What is the remainder when 280 is divided by z(-25)?
25
Suppose -93*l + 88*l - 303 = -3*s, 420 = 4*s - 4*l. What is the remainder when 230 is divided by s?
8
Let b = 33 - 14. Suppose -164*d - 3720 = -474*d. Calculate the remainder when b is divided by d.
7
Suppose -3*k - 148*x = -143*x - 43, -k - x + 11 = 0. Calculate the remainder when ((-24)/28)/((-2)/56) is divided by k.
0
Let l be (13 - 1)*(-4)/(-8). Suppose -249 = -3*b + 4*p, 2*b = 6*b + 5*p - 301. What is the remainder when b is divided by ((-160)/24)/((-2)/l)?
19
Let y = -2376 + 2885. Calculate the remainder when y is divided by 58.
45
Let j(u) = u**2 - 21*u + 91. Let y be j(17). Suppose 243 = y*h + 13. What is the remainder when 55 is divided by h?
5
Let m be (0/(-2 - -4))/2. Suppose 3*n - 14 = 5*q + 44, n - 2*q - 19 = m. Let z = -1973 - -1984. Calculate the remainder when n is divided by z.
10
What is the remainder when 3825/12 - (-25)/100 is divided by 35?
4
Let y(j) = -2*j**3 - 27*j**2 + 156*j - 74. What is the remainder when y(-24) is divided by 12?
10
Suppose 0 = -0*f + f - 2. Let z(y) = y**2 + 2*y - 67. What is the remainder when z(8) is divided by (-39)/(-26) + 5/f?
1
Suppose -537*r + 37 - 105 = -541*r. Calculate the remainder when (0 - 0) + 62 + 2 is divided by r.
13
Let h = 82 + -48. Suppose d + d - h = 0. What is the remainder when d is divided by (-6)/(-4)*(5 - 30/18)?
2
Suppose 3*b + 337 = 5*c, -3*c - 39*b = -41*b - 203. What is the remainder when 391 is divided by c?
1
Suppose -9*t = -13*t + 180. Let b = 764 - 675. What is the remainder when b is divided by t?
44
Suppose -26 = -5*g - 4*b + 3, 2*b = -8. Suppose 3*h - 3*m - 771 = 0, 2*m = -2*m. Suppose -8*t + 23 = -h. Calculate the remainder when t is divided by g.
8
Suppose -3*j - 194*a + 1887 = -192*a, 4*j + 2*a = 2520. Calculate the remainder when 643 is divided by j.
10
Let n = 1346 - 1284. What is the remainder when 308 is divided by n?
60
Let g = -2740 - -2866. What is the remainder when 197 is divided by g?
71
Suppose -21*f + 1915 - 604 + 264 = 0. What is the remainder when 583 is divided by f?
58
Let p be ((-74)/(-4) + 0)*4. Let g = 129 - p. Suppose 3*q = 21*v - 26*v + 114, -3*v = 5*q - 158. Calculate the remaind